
Is 96713 prime?
False
Is 43743859 composite?
False
Is 212729009 a composite number?
False
Is 4533391 a composite number?
False
Is 4243571 a composite number?
False
Is 3234089 a composite number?
True
Is 3952849 a prime number?
False
Is 8977369 a prime number?
True
Is 1142899 prime?
False
Is 3676613 a prime number?
False
Is 60624743 a prime number?
True
Is 13357537 prime?
False
Is 16073693 a composite number?
False
Is 1418339 a prime number?
False
Is 23958247 prime?
True
Is 21941017 a prime number?
False
Is 18607889 composite?
False
Is 31040003 a prime number?
False
Is 2613679 prime?
True
Is 87745769 a prime number?
True
Is 33896413 prime?
False
Is 5155847 a prime number?
False
Is 1386607 prime?
True
Is 77447 a composite number?
False
Is 10746587 composite?
True
Is 3478294 prime?
False
Is 29332389 composite?
True
Is 176005277 prime?
False
Is 448641157 a prime number?
False
Is 257415383 prime?
False
Is 307859 composite?
False
Is 63138533 composite?
False
Is 609355133 a composite number?
False
Is 742199 a composite number?
False
Is 1762427 a composite number?
False
Is 28891529 composite?
False
Is 5657129 a prime number?
True
Is 1051187 prime?
False
Is 9042707 a prime number?
True
Is 11540231 prime?
False
Is 1898891 a prime number?
False
Is 1814639 composite?
False
Is 405341 a prime number?
True
Is 30990457 composite?
True
Is 351389 a composite number?
True
Is 806447 a prime number?
True
Is 30786149 composite?
True
Is 9029 a prime number?
True
Is 273233 a prime number?
True
Is 17684827 composite?
False
Is 149083247 a composite number?
True
Is 324304351 a prime number?
False
Is 3113457 a composite number?
True
Is 100267763 prime?
False
Is 1565359 prime?
False
Is 87098799 composite?
True
Is 579086 a composite number?
True
Is 28174803 composite?
True
Is 89107001 composite?
False
Is 4901417 a composite number?
False
Is 17453129 a composite number?
True
Is 13456019 prime?
False
Is 29419121 prime?
True
Is 12586247 a composite number?
False
Is 77369773 a prime number?
False
Is 35424523 a composite number?
True
Is 839203 a composite number?
False
Is 170951 a composite number?
True
Is 337082903 a composite number?
True
Is 1114237 a prime number?
False
Is 148413887 a composite number?
False
Is 584282 a prime number?
False
Is 9308939 prime?
True
Is 1191397 a prime number?
False
Is 524341 prime?
True
Is 6751727 a prime number?
True
Is 837721 a composite number?
False
Is 91382 a composite number?
True
Is 222254029 a composite number?
False
Is 5326753 prime?
True
Is 169817 composite?
False
Is 7183039 prime?
False
Is 35795939 prime?
False
Is 48878 composite?
True
Is 12247129 a prime number?
True
Is 23386019 composite?
False
Is 41031007 prime?
False
Is 77908982 a prime number?
False
Is 39721369 composite?
True
Is 36322309 prime?
True
Is 430382911 a composite number?
True
Is 302394711 a composite number?
True
Is 6396963 a composite number?
True
Is 10726433 a prime number?
False
Is 157829669 a prime number?
True
Is 13813951 composite?
False
Is 6855929 composite?
True
Is 11810901 composite?
True
Is 862591 a prime number?
False
Is 84559877 a prime number?
True
Is 5665573 prime?
False
Is 72573001 prime?
False
Is 2404613 prime?
True
Is 57143981 a prime number?
True
Is 37007791 prime?
False
Is 6833942 a prime number?
False
Is 7293821 a composite number?
True
Is 60460643 a prime number?
False
Is 86830071 a composite number?
True
Is 613699 prime?
True
Is 3448559 a composite number?
True
Is 7227553 a composite number?
True
Is 71381783 prime?
False
Is 211406927 a composite number?
False
Is 117626983 a composite number?
True
Is 1130191 composite?
False
Is 14236639 a composite number?
False
Is 21385943 a prime number?
False
Is 899273 a prime number?
True
Is 140138077 a composite number?
False
Is 9592267 composite?
True
Is 6954697 a composite number?
False
Is 2283713 a composite number?
True
Is 82693051 a prime number?
False
Is 19364039 a prime number?
True
Is 64951 a prime number?
True
Is 1123579 prime?
False
Is 139434205 a prime number?
False
Is 11765129 a prime number?
False
Is 5677583 prime?
True
Is 69393329 prime?
True
Is 3555743 composite?
False
Is 859553 a prime number?
True
Is 8759273 a prime number?
True
Is 25459613 a prime number?
True
Is 152267585 prime?
False
Is 19948583 a prime number?
True
Is 2685467 a composite number?
False
Is 125195971 a composite number?
False
Is 1971199 prime?
True
Is 478321145 composite?
True
Is 19409471 a composite number?
False
Is 120847789 a composite number?
False
Is 2306261 prime?
True
Is 7854205 prime?
False
Is 26405551 a composite number?
False
Is 3191453 a prime number?
True
Is 1828787 prime?
False
Is 101135077 a prime number?
False
Is 9593191 prime?
True
Is 1337827 prime?
False
Is 53808379 prime?
True
Is 97264847 composite?
False
Is 4231957 composite?
True
Is 1065859 a prime number?
False
Is 1880821 composite?
True
Is 256349 prime?
True
Is 10504295 prime?
False
Is 13090873 composite?
False
Is 394093 prime?
False
Is 10545089 prime?
True
Is 18471241 a prime number?
True
Is 12730807 prime?
False
Is 11979467 composite?
False
Is 7471553 a prime number?
False
Is 22928743 a prime number?
False
Is 185355373 a prime number?
False
Is 1245683 a prime number?
True
Is 1193149 composite?
False
Is 167740997 composite?
False
Is 9420997 composite?
False
Is 123826321 composite?
False
Is 12761761 composite?
False
Is 1182899 a composite number?
True
Is 964213 a composite number?
False
Is 2522053 prime?
True
Is 985141 a composite number?
True
Is 148826689 prime?
False
Is 1177231 composite?
True
Is 54703619 prime?
True
Is 139603 a composite number?
True
Is 19143737 a composite number?
True
Is 400168715 composite?
True
Is 1731157 composite?
True
Is 12401929 composite?
False
Is 9112781 a composite number?
False
Is 4634923 a prime number?
True
Is 1319371 a prime number?
True
Is 1199749 prime?
False
Is 46689113 a composite number?
True
Is 8641679 a prime number?
False
Is 90645641 composite?
False
Is 1591229 prime?
True
Is 1222193 composite?
True
Is 8429153 composite?
True
Is 164014639 prime?
True
Is 25232973 a composite number?
True
Is 1105757 a composite number?
False
Is 454578343 a composite number?
True
Is 7832257 a composite number?
True
Is 295422319 composite?
True
Is 47872429 a composite number?
True
Is 47629261 a composite number?
False
Is 122329667 composite?
True
Is 52015273 composite?
True
Is 14969 a prime number?
True
Is 37063643 a composite number?
False
Is 529566055 a prime number?
False
Is 38039605 a prime number?
False
Is 5165887 prime?
True
Is 26161547 a composite number?
False
Is 21192779 a composite number?
True
Is 41686759 composite?
True
Is 21862619 composite?
True
Is 41310209 prime?
True
Is 126305 a composite number?
True
Is 2877599 a prime number?
False
Is 17881483 a composite number?
True
Is 103939433 a prime number?
False
Is 206216603 a prime number?
True
Is 8165447 a composite number?
False
Is 12314873 prime?
True
Is 15823805 prime?
False
Is 8402847 a prime number?
False
Is 634033 composite?
True
Is 1471871 prime?
False
Is 7668823 a prime number?
True
Is 12325291 composite?
True
Is 465769487 prime?
False
Is 29873759 composite?
True
Is 30820773 composite?
True
Is 4084279 composite?
False
Is 1587701 prime?
True
Is 126337238 composite?
True
Is 12412657 a prime number?
True
Is 6376133 composite?
False
Is 371785809 a prime number?
False
Is 21622391 a prime number?
False
Is 330479 a composite number?
True
Is 19316543 composite?
False
Is 4763753 prime?
True
Is 43601087 composite?
True
Is 107599403 a composite number?
True
Is 2182781 composite?
False
Is 1309669 composite?
True
Is 29310811 a prime number?
True
Is 620038 composite?
True
Is 189540881 prime?
True
Is 641579 prime?
True
Is 4839413 composite?
True
Is 40296427 prime?
False
Is 108938161 a prime number?
False
Is 509603 a prime number?
True
Is 36635029 composite?
False
Is 3751021 a prime number?
True
Is 9906079 composite?
False
Is 879881 composite?
False
Is 726893 a composite number?
False
Is 244287262 prime?
False
Is 4808777 a composite number?
False
Is 106741743 composite?
True
Is 502033 a prime number?
False
Is 149930437 a prime number?
False
Is 3860053 prime?
False
Is 26677571 prime?
True
Is 275672087 prime?
True
Is 40069079 composite?
False
Is 24993415 prime?
False
Is 60154